*r. Give j(-2).
2
Let k(r) = r - r**2 + 4*r + 3 - 4*r. Let u be k(5). Let j be u/3 - (-4)/6. Let y(s) = s**3 + 4*s**2 - 5*s + 2. Determine y(j).
2
Let w be (-6)/4*(-3 + 1). Suppose -3*m - w*a = -2*m + 2, -3*m - 19 = -4*a. Let g(f) = -f. What is g(m)?
5
Let x(y) = -y - 2. Let s(a) = -2*a**2 - 2*a - 1. Let r be s(-1). Let u be r + -1 - (-1 - 1). Suppose u = 2*q + 2*f + 12, -4*q - 3*f - 9 - 14 = 0. What is x(q)?
3
Let t = 4 + -4. Let m(v) = 1 + 3 + 1 - 4*v + t + v**2. Let u be ((-3)/(-2))/(3/8). What is m(u)?
5
Let q(x) = 6*x + 8 + 1 - 52*x**3 - 8*x**2 + 53*x**3. What is q(7)?
2
Let s be (-3)/5 + 473/55. Suppose 0 = -4*f + 2*f + s. Let b(x) = x**2 - 7*x + 6. Determine b(f).
-6
Suppose -8 = 2*h - 3*j, 4*h = j + 4 - 0. Let d(n) = -2*n**2 + 2*n - 2. What is d(h)?
-6
Let z = 0 - -2. Let j(p) = 0*p**z - p**2 - 2*p**2. Give j(-1).
-3
Let p(w) = -2*w + w + 1 - 2. Let k(u) = -1. Let f(l) = 3*k(l) - p(l). Let m be 0*(10/(-4) + 2). Give f(m).
-2
Let t(j) be the third derivative of 1/24*j**4 + 1/2*j**3 + 0*j + 9*j**2 + 0. Give t(4).
7
Let b(h) be the first derivative of 3*h**2/2 - 4*h - 17. Determine b(4).
8
Let d(v) = -v + 2. Let a be d(-3). Suppose -a*k + 8 = -k. Let p(h) be the second derivative of -h**5/10 + h**4/6 + h**3/2 - 3*h**2/2 - h. Give p(k).
-5
Let b(n) = -n**3 + 6*n**2 + 8*n - 5. Let c be b(7). Let w(l) = -4*l - 4 - c*l**2 + 4*l**2 - 3*l**2. Determine w(-3).
-1
Let y(b) be the first derivative of b**3/3 + 3*b**2 + 5*b - 5. Give y(-6).
5
Let q be (5 + 0)/((-33)/(-18) - 1). Let o(v) = -3*v + 9. What is o(q)?
-9
Suppose -2*o + 7*o = 10. Suppose -f + o = -2*i, i = -3*f + 2*f + 5. Let q(l) = -l**3 + 4*l**2 + l - 2. Calculate q(f).
2
Let t(i) = 2*i - 4. Suppose 3*u = 2*u - 3. Give t(u).
-10
Suppose -6 = -3*r - i + 9, 5*i = 15. Let m(k) = 3*k. What is m(r)?
12
Let d(q) = -q**3 + 8*q**2 + 13*q + 7. Let v(f) = -3*f**3 + 24*f**2 + 38*f + 20. Let i(g) = 11*d(g) - 4*v(g). Let j be i(9). Let n(w) = 3*w + 2. Determine n(j).
-7
Suppose -9*g + 85 = 5*w - 4*g, 5*g - 5 = -w. Let z be 2/(-5) + 68/w. Let v(f) = 2 + z + f - 2. Calculate v(-5).
-2
Let g(f) be the second derivative of -f**6/720 - f**4/2 - 3*f. Let z(p) be the third derivative of g(p). What is z(-1)?
1
Suppose 0 = -2*x - 3*x + 20. Let i(j) = -j**2 + 6*j - 1. Calculate i(x).
7
Let f(s) = 2*s**2 - s - 1. Suppose -13 = 2*v - 11. Determine f(v).
2
Let u(w) = -w**3 - 12*w**2 - 12*w - 16. Let h(l) = -l**2 - 2*l + 13. Let s be h(4). Calculate u(s).
-5
Let r(l) = 7*l**2 + 4*l - 3. Let p(w) = -3*w**2 - 2*w + 1. Let x(f) = 9*p(f) + 4*r(f). Give x(3).
0
Let s = -4 - -6. Let g(h) = h**s + 0*h - h + 3 - 2*h**2. Determine g(-3).
-3
Suppose 0 = 5*q - 123 + 108. Let c = -2 + 2. Let o(v) = -2*v - 2 + 3 + c. Determine o(q).
-5
Let m(a) = -2*a**2 - 3*a - 3. Let p = 8 + -10. Determine m(p).
-5
Let x(y) = y**3 - 3*y**2 + 4*y - 3. Let m(h) = -3*h**3 + 8*h**2 - 11*h + 8. Let i(n) = -4*m(n) - 11*x(n). Determine i(-1).
1
Let p(z) be the second derivative of z**3/6 - 2*z. Suppose 5*a + 13 + 7 = 0. Calculate p(a).
-4
Let v(a) be the first derivative of a**3/3 - 3*a**2 + a + 24. Give v(7).
8
Let g(m) be the third derivative of -1/60*m**5 + 0 + 2/3*m**3 + 0*m - 1/24*m**4 + m**2. Calculate g(0).
4
Let w(g) = g**2 + 0*g**2 - 53 + 49. Let m(s) = -s + 2. Let n be m(2). Give w(n).
-4
Let d(s) = -2*s**2 - 7*s + 1. Suppose 0 = -5*r - 4*h - 41, 3*r - 2*r + 2*h + 13 = 0. What is d(r)?
-14
Let z(t) = t**3 + 6*t**2 - 7*t + 1. Suppose 0 = 9*o + 59 + 4. Calculate z(o).
1
Let b(m) = -m - 5. Let y = -28 + 28. Give b(y).
-5
Let h be -15*(1 - 3/9). Let t = 5 + h. Let l(d) = -d + 2*d + d + 5. Calculate l(t).
-5
Let k(j) = -j**2 - 8*j - 9. Suppose 0*d - 2*d + b - 17 = 0, 0 = -d + b - 11. Calculate k(d).
3
Let v(c) = c**2 - 3. Suppose 5*m + u - 11 = 0, -4*u - 20 = -4. Give v(m).
6
Let j(t) = t**2 - 6*t. Suppose 0 = 4*q + 4*g - 16, 4*g + 6 = 2*q + 8*g. Determine j(q).
-5
Let l(j) = j**2 + 5*j + 11. Let q(i) = -1. Let z(u) = -l(u) - 6*q(u). Give z(-5).
-5
Let z be (-1)/(0 - 2/4). Let m(h) = 0 - 2*h - z*h**2 - 10*h**3 + 2 + 0 - 3. Determine m(-1).
9
Let w(y) = -4*y + 1. Let o be (-7)/((-98)/32) - 2/7. Determine w(o).
-7
Let m(v) = v + 1. Let q be 56/10 - (-18)/45. Determine m(q).
7
Let g(d) = d**3 - 2*d**2 - 2*d + 3. Let f be 25/15*9/5. Give g(f).
6
Let j(h) = -h**2 - 1. Let t(b) = 3*b**2 + 4. Let g(c) = -7*j(c) - 2*t(c). Let m(f) = -5*f**2 - 5*f + 5. Let s(v) = -6*g(v) - m(v). Suppose 0 + 4 = z. Give s(z).
5
Let c(u) = -8*u**2 + u**2 - 1 + 30*u - 16*u - 16*u. Calculate c(-1).
-6
Let k(y) = y**3 + 6 - 4*y**3 + 4*y**3 + 4*y + 5*y**2. Let a be k(-4). Let x(h) = -2*h + 7. Let q be x(a). Let p(c) = c - 2. Calculate p(q).
-7
Let h(m) = 2*m**2 - 4*m - 5. Let f(a) = 3*a**2 - 5*a - 6. Let z(r) = 4*f(r) - 5*h(r). Give z(2).
9
Let l be (-1)/7 - (-215)/35. Let p(y) be the third derivative of 0*y + 2/3*y**3 - 3*y**2 + 0 + 1/120*y**l - 1/6*y**4 - 1/15*y**5. Calculate p(5).
9
Let d(w) be the second derivative of 2*w**3/3 - w**2/2 + 8*w. Determine d(1).
3
Let j(c) = c**3 + 1645*c + c**2 - 1645*c + 1. Give j(2).
13
Let h(y) be the second derivative of -y**5/20 + y**4/3 + y**3/2 + 5*y**2/2 - 7*y. Calculate h(5).
-5
Suppose -1 + 7 = 2*c. Suppose v = 5*v - 2*r - 14, 0 = 3*v + 3*r + c. Let b(s) = s + v - 1 + 0. What is b(-2)?
-1
Let m(h) = 2*h + 8. Suppose z + 2*u = 0, 4*z - 3 = 3*z - 3*u. What is m(z)?
-4
Let k(l) be the third derivative of -l**4/24 + 62*l**2. Let i be 4/(-14) - (-132)/21. Give k(i).
-6
Let t(a) = a + 12*a**2 - 1094 + 1094. Let u(o) = o**2 - 6*o + 1. Let y be u(6). Give t(y).
13
Suppose 2*r + 0*p + p - 9 = 0, -3*p = -r - 6. Let g(k) = -k - k**r - 2*k**2 - 3*k**2 - 3 + 0*k**2. Suppose -4*m = m - l + 30, -3*m + 4*l - 35 = 0. What is g(m)?
2
Let h(n) be the second derivative of -n**5/20 - 2*n**4/3 - n**3/6 - n**2/2 - 7*n. Give h(-8).
7
Let h(f) = f - 1. Let a(g) = -2*g + 5. Let s be a(2). Determine h(s).
0
Let i(f) be the third derivative of -f**5/60 + 5*f**4/24 - f**2. Suppose 4*q + 3*q = 42. What is i(q)?
-6
Let g(k) = 6 - 2 + k + 3. Give g(5).
12
Let p(f) = 2*f**2 - 12*f + 3. Let r be p(5). Let j(b) = b + 8. Let v(y) = 2*y + 15. Let c(t) = -7*j(t) + 3*v(t). What is c(r)?
-4
Let n(q) = 7*q + 2. Suppose 3 = -4*d + 3*d. What is n(d)?
-19
Let g(d) = -d - 3. Let y = 1 + -1. Suppose 2*v + v + 21 = y. Calculate g(v).
4
Suppose -2*d + 1 + 3 = 0. Let t be d - 4 - -2*3. Let m(r) = -4*r + 5*r**2 + 0*r**3 - r**3 + 16 - 13. Give m(t).
3
Suppose 2*a - 13 = 2*p + 7, p = -5*a + 20. Let l be 1*(0 + 7) - 2. Let y(f) = l + 3*f**2 - f**2 - 5*f - 3*f**2 + 1. What is y(p)?
6
Let b = -41 - -39. Suppose 4 = 2*f - 10. Let r(a) = 2*a**3 - 3*a**2 + 2*a + 1. Let s(g) = 3*g**3 - 6*g**2 + 3*g + 1. Let k(n) = f*r(n) - 4*s(n). Calculate k(b).
-5
Suppose 5*p + 0 = 4*v + 11, 0 = 5*v - p + 19. Let k(l) = l**2 + 2*l - 4. Determine k(v).
4
Let n(f) = -11 - f**2 - 9 - 5*f - 11 + 28. Give n(-5).
-3
Let w(v) = v + 3. Let f(g) = -g**2 + 3*g + 4. Let a be f(5). Let c(l) = -l - 4. Let n(z) = a*w(z) - 5*c(z). What is n(3)?
-1
Let b(w) = 13*w + 25. Let z(x) = 3*x + 6. Let s(u) = 2*b(u) - 9*z(u). Give s(-6).
2
Let l = 19 - 22. Let q(t) be the first derivative of -t**7/840 - t**6/120 + t**5/60 + t**4/12 - t**3/3 - 2. Let u(k) be the third derivative of q(k). Give u(l).
-4
Let s(k) = k**2 + 10*k + 2. Let x(l) = 3*l**2 + 29*l + 6. Suppose 4*i - 38 = 3*b, 2*i + 0*i - 18 = 2*b. Let f(q) = i*s(q) - 4*x(q). Determine f(-5).
3
Let n(a) = a**2 - 5*a - 1. Let y be (-138)/(-18) - 4/6. Let i = 11 - y. What is n(i)?
-5
Suppose -5*v + 0*v = -15. Suppose 0 = -2*n - 2*l + 70, -v*n + l + 73 = -24. Suppose 8*m = 3*m + 4*i + n, -5*i = 2*m. Let p(d) = d - 7. What is p(m)?
-2
Suppose 5*t + 4*k = -6, 26 = 5*t - 2*k + 8. Suppose 3*z = -t*z. Let q(j) be the second derivative of -j**4/12 + j**3/6 - 4*j**2 - 4*j. Determine q(z).
-8
Let y(n) = 9*n**2 + 13*n + 13. Let g(a) = -5*a**2 - 7*a - 7. Let i(v) = 11*g(v) + 6*y(v). Determine i(-2).
-5
Let k(q) = q**2 - 2*q - 4. Let f be k(4). Suppose -f*y + 0 = m - 10, -m - 8 = -5*y. Let r(g) = 3 + 2*g - 4*g - 2 - 2*g**2 - y. What is r(-2)?
-5
Let z(t) = t**2 - 8*t + 4. Let v = 43 - 36. Calculate z(v).
-3
Let g be (-2)/(-1*(-1 + -1)). Suppose 0*k = k. Let l = k + g. Let m(z) = -z**3 + 1. Give m(l).
2
Let r(p) = p**3 - 3*p**2 + 4*p. Suppose -v + 4*v = 9. What is r(v)?
12
Let n = -3